{"id":2740,"date":"2023-12-06T22:11:30","date_gmt":"2023-12-06T22:11:30","guid":{"rendered":"https:\/\/associationsadio.org\/?page_id=2740"},"modified":"2023-12-08T20:44:59","modified_gmt":"2023-12-08T20:44:59","slug":"les-sadio-decernes","status":"publish","type":"page","link":"https:\/\/associationsadio.org\/index.php\/les-sadio-decernes\/","title":{"rendered":"Les Sadio d\u00e9cern\u00e9s"},"content":{"rendered":"<div class=\"wpb-content-wrapper\"><p>[vc_row wrap_container=&#8221;yes&#8221; css=&#8221;.vc_custom_1519889337025{padding-top: 90px !important;padding-bottom: 60px !important;background-color: #f4f4f2 !important;}&#8221;][vc_column offset=&#8221;vc_col-lg-offset-2 vc_col-lg-8 vc_col-md-offset-1 vc_col-md-10&#8243;]<div class=\"porto-u-heading  wpb_custom_95aa9a11c17ad45cfabaf210d84ee7cc porto-u-1705\"><div class=\"porto-u-main-heading\"><h1   style=\"font-weight:300;font-size:26px;line-height:26px;\">Les Sadio d\u00e9cern\u00e9s<\/h1><\/div><style>.porto-u-1705.porto-u-heading{text-align:left}<\/style><\/div>[vc_column_text]Le gala Sadio met \u00e0 l\u2019honneur les femmes maliennes d\u2019exception. Il r\u00e9compense les initiatives qui participent \u00e0 la promotion de la femme. Il vise \u00e0 inspirer toutes les femmes maliennes afin de les inciter \u00e0 jouer un r\u00f4le accru dans le d\u00e9veloppement du pays, et ce, \u00e0 travers la mise en exergue de r\u00e9ussites dans les diff\u00e9rentes sph\u00e8res de la soci\u00e9t\u00e9. Le Sadio a \u00e9galement pour objectif d\u2019encourager les politiques, le secteur priv\u00e9 et les partenaires techniques et financiers dans leurs initiatives en faveur de la promotion de la femme. Initiative unique au Mali, ce gala annuel valorise l&#8217;excellence des femmes dans diff\u00e9rents secteurs et contribue \u00e0 leur succ\u00e8s. Il reconna\u00eet les maliennes qui se d\u00e9marquent par leur savoir-faire et leur savoir-\u00eatre, leurs r\u00e9alisations et leur rayonnement dans toutes les sph\u00e8res de l&#8217;\u00e9conomie malienne, au plan national et international. Le gala du Sadio a pour vocation de magnifier ces femmes, en rendant hommage \u00e0 leur travail, leur courage et leur engagement pour offrir \u00e0 la soci\u00e9t\u00e9 malienne un meilleur avenir. En effet, de par la pr\u00e9sence et la participation de repr\u00e9sentants \u00e9minents de la soci\u00e9t\u00e9 malienne, cette soir\u00e9e marque le point de d\u00e9part d\u2019une s\u00e9rie d\u2019\u00e9v\u00e8nements qui ont \u00e0 c\u0153ur de promouvoir les actions de la femme malienne.[\/vc_column_text][vc_single_image image=&#8221;2741&#8243; img_size=&#8221;full&#8221;][\/vc_column][\/vc_row]<\/p>\n<\/div>","protected":false},"excerpt":{"rendered":"<p>[vc_row wrap_container=&#8221;yes&#8221; css=&#8221;.vc_custom_1519889337025{padding-top: 90px !important;padding-bottom: 60px !important;background-color: #f4f4f2 !important;}&#8221;][vc_column offset=&#8221;vc_col-lg-offset-2 vc_col-lg-8 vc_col-md-offset-1 vc_col-md-10&#8243;][vc_column_text]Le gala Sadio met \u00e0 l\u2019honneur les femmes maliennes d\u2019exception. Il r\u00e9compense les initiatives qui participent \u00e0 la promotion de la femme. Il vise \u00e0 inspirer toutes les femmes maliennes afin de les inciter \u00e0 jouer un r\u00f4le accru dans le d\u00e9veloppement du [&hellip;]<\/p>\n","protected":false},"author":1,"featured_media":0,"parent":0,"menu_order":0,"comment_status":"closed","ping_status":"closed","template":"","meta":{"content-type":"","footnotes":""},"class_list":["post-2740","page","type-page","status-publish","hentry"],"_links":{"self":[{"href":"https:\/\/associationsadio.org\/index.php\/wp-json\/wp\/v2\/pages\/2740","targetHints":{"allow":["GET"]}}],"collection":[{"href":"https:\/\/associationsadio.org\/index.php\/wp-json\/wp\/v2\/pages"}],"about":[{"href":"https:\/\/associationsadio.org\/index.php\/wp-json\/wp\/v2\/types\/page"}],"author":[{"embeddable":true,"href":"https:\/\/associationsadio.org\/index.php\/wp-json\/wp\/v2\/users\/1"}],"replies":[{"embeddable":true,"href":"https:\/\/associationsadio.org\/index.php\/wp-json\/wp\/v2\/comments?post=2740"}],"version-history":[{"count":3,"href":"https:\/\/associationsadio.org\/index.php\/wp-json\/wp\/v2\/pages\/2740\/revisions"}],"predecessor-version":[{"id":2756,"href":"https:\/\/associationsadio.org\/index.php\/wp-json\/wp\/v2\/pages\/2740\/revisions\/2756"}],"wp:attachment":[{"href":"https:\/\/associationsadio.org\/index.php\/wp-json\/wp\/v2\/media?parent=2740"}],"curies":[{"name":"wp","href":"https:\/\/api.w.org\/{rel}","templated":true}]}}

Les Sadio décernés

<div class="wpb-content-wrapper"><p>[vc_row wrap_container=&#8221;yes&#8221; css=&#8221;.vc_custom_1519889337025{padding-top: 90px !important;padding-bottom: 60px !important;background-color: #f4f4f2 !important;}&#8221;][vc_column offset=&#8221;vc_col-lg-offset-2 vc_col-lg-8 vc_col-md-offset-1 vc_col-md-10&#8243;]<div class="porto-u-heading  wpb_custom_95aa9a11c17ad45cfabaf210d84ee7cc porto-u-1705"><div class="porto-u-main-heading"><h1   style="font-weight:300;font-size:26px;line-height:26px;">Les Sadio décernés</h1></div><style>.porto-u-1705.porto-u-heading{text-align:left}</style></div>[vc_column_text]Le gala Sadio met à l’honneur les femmes maliennes d’exception. Il récompense les initiatives qui participent à la promotion de la femme. Il vise à inspirer toutes les femmes maliennes afin de les inciter à jouer un rôle accru dans le développement du pays, et ce, à travers la mise en exergue de réussites dans les différentes sphères de la société. Le Sadio a également pour objectif d’encourager les politiques, le secteur privé et les partenaires techniques et financiers dans leurs initiatives en faveur de la promotion de la femme. Initiative unique au Mali, ce gala annuel valorise l&#8217;excellence des femmes dans différents secteurs et contribue à leur succès. Il reconnaît les maliennes qui se démarquent par leur savoir-faire et leur savoir-être, leurs réalisations et leur rayonnement dans toutes les sphères de l&#8217;économie malienne, au plan national et international. Le gala du Sadio a pour vocation de magnifier ces femmes, en rendant hommage à leur travail, leur courage et leur engagement pour offrir à la société malienne un meilleur avenir. En effet, de par la présence et la participation de représentants éminents de la société malienne, cette soirée marque le point de départ d’une série d’évènements qui ont à cœur de promouvoir les actions de la femme malienne.[/vc_column_text][vc_single_image image=&#8221;2741&#8243; img_size=&#8221;full&#8221;][/vc_column][/vc_row]</p>
</div>

<p>[vc_row wrap_container=&#8221;yes&#8221; css=&#8221;.vc_custom_1519889337025{padding-top: 90px !important;padding-bottom: 60px !important;background-color: #f4f4f2 !important;}&#8221;][vc_column offset=&#8221;vc_col-lg-offset-2 vc_col-lg-8 vc_col-md-offset-1 vc_col-md-10&#8243;][vc_column_text]Le gala Sadio met à l’honneur les femmes maliennes d’exception. Il récompense les initiatives qui participent à la promotion de la femme. Il vise à inspirer toutes les femmes maliennes afin de les inciter à jouer un rôle accru dans le développement du [&hellip;]</p>
