{"id":2721,"date":"2023-12-05T20:40:36","date_gmt":"2023-12-05T20:40:36","guid":{"rendered":"https:\/\/associationsadio.org\/?page_id=2721"},"modified":"2023-12-05T20:43:51","modified_gmt":"2023-12-05T20:43:51","slug":"le-concept","status":"publish","type":"page","link":"https:\/\/associationsadio.org\/index.php\/le-concept\/","title":{"rendered":"Le concept"},"content":{"rendered":"<div class=\"wpb-content-wrapper\"><p>[vc_row wrap_container=&#8221;yes&#8221; css=&#8221;.vc_custom_1519889337025{padding-top: 90px !important;padding-bottom: 60px !important;background-color: #f4f4f2 !important;}&#8221;][vc_column offset=&#8221;vc_col-lg-offset-2 vc_col-lg-8 vc_col-md-offset-1 vc_col-md-10&#8243;]<div class=\"porto-u-heading  wpb_custom_95aa9a11c17ad45cfabaf210d84ee7cc porto-u-7539\"><div class=\"porto-u-main-heading\"><h1   style=\"font-weight:300;font-size:26px;line-height:26px;\">Le concept <\/h1><\/div><style>.porto-u-7539.porto-u-heading{text-align:left}<\/style><\/div>[vc_column_text]<\/p>\n<p class=\"cvgsua\" style=\"line-height: 18.75pt;\"><span class=\"oypena\"><span lang=\"FR\" style=\"color: black;\">M\u00e8res, \u00e9pouses, s\u0153urs \u2026 Les femmes sous-tendent le parcours et les vies de tout un chacun, avec d\u00e9vouement, amour et courage. Cependant, leur r\u00f4le est bien souvent sous-estim\u00e9 dans la prosp\u00e9rit\u00e9 du foyer, de l\u2019entreprise ou m\u00eame d\u2019une nation. <\/span><\/span><\/p>\n<p class=\"cvgsua\" style=\"line-height: 18.75pt;\"><span class=\"oypena\"><span lang=\"FR\" style=\"color: black;\">En effet, en g\u00e9n\u00e9ral, lorsqu\u2019un pays ou une entreprise prosp\u00e8re, les honneurs sont souvent pour les hommes dirigeants, en oubliant que, parfois, ces derniers ont r\u00e9ussi gr\u00e2ce aux femmes de leurs vies. <\/span><\/span><\/p>\n<p class=\"cvgsua\" style=\"line-height: 18.75pt;\"><span class=\"oypena\"><span lang=\"FR\" style=\"color: black;\">SADIO souhaite mettre \u00e0 l\u2019honneur ces femmes volontaires et travailleuses acharn\u00e9es. Tout en ayant une place importante dans diff\u00e9rents secteurs, elles \u00e9l\u00e8vent et inculquent des valeurs dont nous mesurons tous le sens et l\u2019importance. <\/span><\/span><\/p>\n<p class=\"cvgsua\" style=\"line-height: 18.75pt;\"><span class=\"oypena\"><span lang=\"FR\" style=\"color: black;\">Conte malien sur l\u2019amiti\u00e9 entre une femme malienne et le symbole du Mali. Ode \u00e0 la Femme malienne, battante, ind\u00e9pendante, ambitieuse et en m\u00eame temps m\u00e8re de famille. Le pr\u00e9nom Sadio parle \u00e0 tout le peuple malien et sous r\u00e9gional.<\/span><\/span><\/p>\n<p>[\/vc_column_text][\/vc_column][\/vc_row]<\/p>\n<\/div>","protected":false},"excerpt":{"rendered":"<p>[vc_row wrap_container=&#8221;yes&#8221; css=&#8221;.vc_custom_1519889337025{padding-top: 90px !important;padding-bottom: 60px !important;background-color: #f4f4f2 !important;}&#8221;][vc_column offset=&#8221;vc_col-lg-offset-2 vc_col-lg-8 vc_col-md-offset-1 vc_col-md-10&#8243;][vc_column_text] M\u00e8res, \u00e9pouses, s\u0153urs \u2026 Les femmes sous-tendent le parcours et les vies de tout un chacun, avec d\u00e9vouement, amour et courage. Cependant, leur r\u00f4le est bien souvent sous-estim\u00e9 dans la prosp\u00e9rit\u00e9 du foyer, de l\u2019entreprise ou m\u00eame d\u2019une nation. En effet, en [&hellip;]<\/p>\n","protected":false},"author":1,"featured_media":0,"parent":0,"menu_order":0,"comment_status":"closed","ping_status":"closed","template":"","meta":{"content-type":"","footnotes":""},"class_list":["post-2721","page","type-page","status-publish","hentry"],"_links":{"self":[{"href":"https:\/\/associationsadio.org\/index.php\/wp-json\/wp\/v2\/pages\/2721","targetHints":{"allow":["GET"]}}],"collection":[{"href":"https:\/\/associationsadio.org\/index.php\/wp-json\/wp\/v2\/pages"}],"about":[{"href":"https:\/\/associationsadio.org\/index.php\/wp-json\/wp\/v2\/types\/page"}],"author":[{"embeddable":true,"href":"https:\/\/associationsadio.org\/index.php\/wp-json\/wp\/v2\/users\/1"}],"replies":[{"embeddable":true,"href":"https:\/\/associationsadio.org\/index.php\/wp-json\/wp\/v2\/comments?post=2721"}],"version-history":[{"count":6,"href":"https:\/\/associationsadio.org\/index.php\/wp-json\/wp\/v2\/pages\/2721\/revisions"}],"predecessor-version":[{"id":2727,"href":"https:\/\/associationsadio.org\/index.php\/wp-json\/wp\/v2\/pages\/2721\/revisions\/2727"}],"wp:attachment":[{"href":"https:\/\/associationsadio.org\/index.php\/wp-json\/wp\/v2\/media?parent=2721"}],"curies":[{"name":"wp","href":"https:\/\/api.w.org\/{rel}","templated":true}]}}

<div class="wpb-content-wrapper"><p>[vc_row wrap_container=&#8221;yes&#8221; css=&#8221;.vc_custom_1519889337025{padding-top: 90px !important;padding-bottom: 60px !important;background-color: #f4f4f2 !important;}&#8221;][vc_column offset=&#8221;vc_col-lg-offset-2 vc_col-lg-8 vc_col-md-offset-1 vc_col-md-10&#8243;]<div class="porto-u-heading  wpb_custom_95aa9a11c17ad45cfabaf210d84ee7cc porto-u-7539"><div class="porto-u-main-heading"><h1   style="font-weight:300;font-size:26px;line-height:26px;">Le concept </h1></div><style>.porto-u-7539.porto-u-heading{text-align:left}</style></div>[vc_column_text]</p>
<p class="cvgsua" style="line-height: 18.75pt;"><span class="oypena"><span lang="FR" style="color: black;">Mères, épouses, sœurs … Les femmes sous-tendent le parcours et les vies de tout un chacun, avec dévouement, amour et courage. Cependant, leur rôle est bien souvent sous-estimé dans la prospérité du foyer, de l’entreprise ou même d’une nation. </span></span></p>
<p class="cvgsua" style="line-height: 18.75pt;"><span class="oypena"><span lang="FR" style="color: black;">En effet, en général, lorsqu’un pays ou une entreprise prospère, les honneurs sont souvent pour les hommes dirigeants, en oubliant que, parfois, ces derniers ont réussi grâce aux femmes de leurs vies. </span></span></p>
<p class="cvgsua" style="line-height: 18.75pt;"><span class="oypena"><span lang="FR" style="color: black;">SADIO souhaite mettre à l’honneur ces femmes volontaires et travailleuses acharnées. Tout en ayant une place importante dans différents secteurs, elles élèvent et inculquent des valeurs dont nous mesurons tous le sens et l’importance. </span></span></p>
<p class="cvgsua" style="line-height: 18.75pt;"><span class="oypena"><span lang="FR" style="color: black;">Conte malien sur l’amitié entre une femme malienne et le symbole du Mali. Ode à la Femme malienne, battante, indépendante, ambitieuse et en même temps mère de famille. Le prénom Sadio parle à tout le peuple malien et sous régional.</span></span></p>
<p>[/vc_column_text][/vc_column][/vc_row]</p>
</div>

<p>[vc_row wrap_container=&#8221;yes&#8221; css=&#8221;.vc_custom_1519889337025{padding-top: 90px !important;padding-bottom: 60px !important;background-color: #f4f4f2 !important;}&#8221;][vc_column offset=&#8221;vc_col-lg-offset-2 vc_col-lg-8 vc_col-md-offset-1 vc_col-md-10&#8243;][vc_column_text] Mères, épouses, sœurs … Les femmes sous-tendent le parcours et les vies de tout un chacun, avec dévouement, amour et courage. Cependant, leur rôle est bien souvent sous-estimé dans la prospérité du foyer, de l’entreprise ou même d’une nation. En effet, en [&hellip;]</p>
